 2*w - 3*k - 17 = 0. Let l = w - -15. What is the units digit of l?
9
Let y(i) = -85*i**2 + 47*i**2 - 8*i + 39*i**2. What is the units digit of y(16)?
8
Let u = 856 - 436. Suppose 0 = -3*z + z + u. What is the units digit of z?
0
Suppose 3 = -3*r - 0*r, 0 = -2*y + 5*r - 5. Let o be 0 + 0 + (y - -7). Suppose 0 = 2*b - o*w - 58, 19 = -4*w - 1. What is the units digit of b?
4
Let z(f) = 25 - 16*f - f**2 - 13 + 13. What is the units digit of z(-17)?
8
Suppose -t = 4*t - z - 587, 2*t - 251 = -5*z. Suppose -8*f + 10*f = t. What is the tens digit of f?
5
Let o(j) = 10*j**2 + 14*j + 28. Let f(v) = -7*v**2 - 9*v - 19. Let l(t) = 7*f(t) + 5*o(t). Let q = -105 - -98. What is the units digit of l(q)?
7
Let c(g) = -12*g**3 + 5*g**2 - 4*g - 6. Let a be c(3). What is the tens digit of (4/(-6))/(3/a)?
6
Let o = -160 - -163. Let r(t) be the second derivative of t**5/10 - t**4/6 - 3*t**2/2 + t. What is the units digit of r(o)?
3
Suppose 4*m - 2*j - 2 = 0, -11 = 3*m + 2*j - 6*j. Let r = m + 45. What is the units digit of r?
8
Suppose -11534 = -21*b + 14590. What is the thousands digit of b?
1
Let x(s) = -s**3 - 16*s**2 - 18*s - 21. Let g be -14 - 3*4/12. What is the tens digit of x(g)?
2
Let q = -22 + 20. What is the tens digit of (q/4)/((-1)/188)?
9
Suppose -3*v = 0, -x + 391 = -2*v - 67. What is the tens digit of x?
5
Let n be (0 + -1)*(3 - 11). Suppose 1213 = n*z + 5. What is the tens digit of z?
5
Let n = -17 + 33. Suppose 3*a - 67 + n = 0. Suppose -a = -3*g + 28. What is the units digit of g?
5
Let h(i) = 51*i + 281. What is the units digit of h(-4)?
7
Suppose 10 = -3*m + 64. Suppose -v - 2*v + m = 0. Let x(c) = 3*c - 12. What is the units digit of x(v)?
6
Let p(b) = -b**3 - b**2 - 3*b - 2. Suppose -5*z = -4 + 9. What is the units digit of p(z)?
1
Suppose 6*v = 338 + 2080. Suppose -5*m - 5 = 5, v = 3*p - 2*m. What is the units digit of p?
3
Suppose 70*s - 72*s + 732 = 0. What is the hundreds digit of s?
3
Let k be 2/8 - (-174)/8. Let a = 49 - k. What is the tens digit of (a/(-2) + 2)*-2?
2
Let g be 59*(-3 + (5 - 1)). What is the tens digit of 1/(-1)*(9 - g)?
5
Suppose -7*c + 3*c - 297 = -5*b, -2*b = 3*c + 194. Let q = -46 - c. What is the units digit of q - 2 - (-2 + 5)?
7
Suppose 0 = 3*s + s. Suppose s = 3*w + 5*h - 50, w - 2*h - 19 = -6*h. Let f = 32 - w. What is the tens digit of f?
1
Let d(v) = v + 4. Suppose -14 = -r - 3*y - 0*y, 3*r - 42 = 2*y. Let o be 2/6 + r/3. What is the units digit of d(o)?
9
Let q(k) = k - 5. Let h be q(-9). Let z = h + 24. What is the units digit of (-5)/z - (-52)/8?
6
Suppose 2*c + 0*c = -2, -31 = -4*q - c. Let t be q*2 + 6/3. What is the units digit of 76/6*27/t?
9
Suppose -3*n - 5*m + 1299 = -3739, 5*n - 8384 = -2*m. What is the tens digit of n?
7
Let o = 5 - 49. Let a be 1*11/(o/72). Let r = 26 + a. What is the units digit of r?
8
Suppose -5*c = -4*r - 8150, -8*r + 4853 = 3*c - 3*r. What is the hundreds digit of c?
6
Let b = -11 + 12. Suppose -5*j + 6 = b. What is the units digit of j*4/2 + 7?
9
Let z(q) = -82*q - 110. What is the hundreds digit of z(-21)?
6
Let b(x) = -x**2 - 10*x - 3. Let l be b(-7). Let z be (14/(-21))/((-4)/l). Suppose z*v + a - 58 = 0, -52 = -2*v - 3*a - a. What is the units digit of v?
8
Let g(i) = -76*i + 6. What is the hundreds digit of g(-7)?
5
Let n(x) = x**3. Let t(a) = -5*a**3 + 5*a**2 + 4*a + 1. Let o(y) = -3*n(y) - t(y). What is the units digit of o(5)?
4
Let v(h) = 70 + 4*h**3 - 3*h**3 + 41 - h. What is the hundreds digit of v(0)?
1
Suppose 28003 = 33*j - 94724. What is the hundreds digit of j?
7
Suppose 34 = 2*s - 38. Let z = 30 + s. Suppose 4*k + 0*v - z = -3*v, 2*k + v = 34. What is the units digit of k?
8
Suppose -4*i - 149 = -3*z + 16, 3*i = 2*z - 124. What is the tens digit of i*(108/(-28) + 3)?
3
Let k be (-1 + -2)/((-1)/((-2)/(-3))). What is the units digit of (-1670)/(-30) - k/(-6)?
6
Suppose 846 - 3654 = -9*j. What is the hundreds digit of j?
3
Suppose -280 = -2*h - 254. What is the units digit of h?
3
Let n = 56 - 52. Suppose -2*w = 2*r - n*r + 240, -5*r = 2*w - 607. What is the units digit of r?
1
Suppose -8*h - 160 + 1752 = 0. What is the hundreds digit of h?
1
Let b = 0 - -3. Suppose -110 = 5*x + 5*u, -b*x + 0*x - u = 74. What is the units digit of x/(-4) - (-8)/(-16)?
6
Let u(c) = -c**3 + 6*c**2 + c - 1. Let d be u(6). Let j be -2 - (-1 - 1) - (-11)/11. Let x = d - j. What is the units digit of x?
4
Let i be (-19)/(-2) + 3/(-6). Suppose 5*w - 10 = -3*q + i, 5*q - 5*w = 5. What is the units digit of q?
3
Suppose -5*m + 13 = s - 35, -2*m = -s - 22. Let w(a) = -2*a + 46. What is the tens digit of w(m)?
2
Let h(m) = -9*m + 14. Let r(f) = -3*f + 5. Let i(b) = 6*h(b) - 17*r(b). Suppose 7*d + 37 = 2*d + s, -5*d = -2*s + 39. What is the tens digit of i(d)?
2
Let y be (-35)/10*(-12)/14. Suppose -5*n + 16 = 3*c - 22, -3*c - y*n = -30. Suppose -12 = -v - c. What is the units digit of v?
6
Let r(j) = -j - 3. Let y be r(-5). Suppose 300 = y*d + 110. Suppose -30 - d = -5*g. What is the tens digit of g?
2
Let l(q) = -2*q**3 + 2*q**2 + 8*q - 19. What is the hundreds digit of l(-5)?
2
Let n(g) = 24*g**2 - 2*g + 8. What is the hundreds digit of n(-4)?
4
Let b = 231 - 133. Let r = -77 + b. What is the units digit of r?
1
Let x = -4 - -1. What is the units digit of x + (-44)/(-6)*9/6?
8
Suppose -3*z - 8 = 1. Let r(a) = -3*a - 8. Let t be r(7). What is the tens digit of (9/3)/(z/t)?
2
Let s be 440/13 - (-8)/52. Let u = 6 + -3. Suppose -3*k - 5*t = -102, k - u*t = -4*t + s. What is the units digit of k?
4
Suppose v - 41*v = -19040. What is the units digit of v?
6
Suppose v - 4*v + 15 = 0. Let y = v + 20. What is the tens digit of y?
2
Suppose -4*m - 369 = -3*r, 0 = 2*r - m + 5*m - 246. Suppose 0 = -5*w + 4*t + 232, 2*w + 3*t - r = -w. What is the tens digit of w?
4
What is the units digit of (-16)/(-40) - (-19658)/5?
2
Let r be 0 - -6 - (1 - 0). What is the tens digit of (-159)/(-3) - (r - 3)?
5
What is the hundreds digit of ((-44528)/69)/(5/(-15))?
9
Let q = -59 - -93. Suppose 3*b + 2*g + 59 = -0*b, 5*b = 2*g - 77. Let h = b + q. What is the units digit of h?
7
What is the tens digit of 31842/45*(5 + -4 + 4)?
3
Let x be 1 + (4 - -77) - 2. Let a = x - -65. Suppose -5*l - 20 + a = 0. What is the units digit of l?
5
Let h be (7/5 + -1)*5. What is the tens digit of -42*(3/h + -5)?
4
Suppose 0 = -52*p + 45*p + 17402. What is the tens digit of p?
8
Let d(r) = r - 6 + 13 + 9. What is the tens digit of d(0)?
1
Let v(w) = w**3 + 6*w**2 - 3*w + 7. Let c be v(-6). What is the units digit of 6/(-15) + 135/c?
5
Suppose -2*t + 38 + 0 = 0. Suppose -2*n + t = -19. What is the units digit of n?
9
Let q(t) = -t + 10. Let m be q(7). Suppose -5*p - 3*d = 544, -m*d + 116 = -3*p + 2*p. What is the units digit of p/(-6) - 2/6?
8
Let r(m) = 21*m - 1. Let q(v) = v**3 + 6*v**2 - 8*v + 2. Let t be q(-7). Let h(i) = -i**3 + 8*i**2 + 9*i + 1. Let l be h(t). What is the tens digit of r(l)?
2
Suppose 3*a - 1247 = 778. Suppose -o - a = -10*o. What is the units digit of o?
5
Suppose 4*d + 3374 = 3*a, 5*d + 4011 + 487 = 4*a. What is the hundreds digit of a?
1
What is the units digit of (-2 + (-162)/4)/(11/(-22))?
5
What is the tens digit of (-4)/(-28) - ((-63942)/21 + -5)?
5
Let s(i) = -i**3 - 4*i**2 + 3*i + 2780. What is the thousands digit of s(0)?
2
Suppose -14 = 6*a - 2. Let o = 75 + a. What is the units digit of o?
3
Suppose -2*o + 5*o - 66 = 0. Suppose 6*m + o = 130. What is the units digit of m?
8
What is the tens digit of (3258/12)/(((-36)/32)/(-3))?
2
Suppose -3*y + 34*m - 30*m = -2508, 825 = y - 5*m. What is the hundreds digit of y?
8
Suppose c - 3645 = -3*o, 84*o - 4*c + 4852 = 88*o. What is the hundreds digit of o?
2
Suppose 2*p - 73 = p. Suppose 72*y + 70 = p*y. What is the units digit of y?
0
Let d = 986 + -433. What is the tens digit of d?
5
Suppose 0*m - 2*m - 120 = 0. Let p = m - -159. Let n = p - 57. What is the units digit of n?
2
Suppose 20*v - 16*v - 3559 = 3*y, 5*y = v - 894. What is the hundreds digit of v?
8
Let t(s) = -s - 1. Let f(i) = 8*i + 6. Let n(g) = -f(g) - 2*t(g). Let c be n(-3). Let w = 17 + c. What is the tens digit of w?
3
Suppose -6*r + r - 900 = 0. What is the tens digit of (-7)/(14/6) - r?
7
Suppose 3*f + 2*f - 1000 = 0. Let q = 757 - 754. Suppose -q*v = -2*g + 80, -g + f = 4*g - 5*v. Wh